ded by 69.
61
What is the remainder when 7395 is divided by 135?
105
What is the remainder when 6306 is divided by 1233?
141
Calculate the remainder when 1589 is divided by 148.
109
Calculate the remainder when 18358 is divided by 117.
106
Calculate the remainder when 6873 is divided by 717.
420
Calculate the remainder when 30337 is divided by 30316.
21
What is the remainder when 316 is divided by 106?
104
What is the remainder when 84340 is divided by 19?
18
What is the remainder when 2955 is divided by 980?
15
What is the remainder when 13535 is divided by 287?
46
What is the remainder when 3592 is divided by 832?
264
Calculate the remainder when 7003584 is divided by 2334527.
3
What is the remainder when 383 is divided by 182?
19
What is the remainder when 27596 is divided by 1254?
8
Calculate the remainder when 269301 is divided by 392.
389
What is the remainder when 2174 is divided by 442?
406
What is the remainder when 142220 is divided by 2003?
7
Calculate the remainder when 239890 is divided by 764.
758
Calculate the remainder when 32747 is divided by 183.
173
What is the remainder when 7567 is divided by 361?
347
Calculate the remainder when 7826 is divided by 1.
0
Calculate the remainder when 14451 is divided by 2405.
21
What is the remainder when 6343 is divided by 1466?
479
Calculate the remainder when 1969805 is divided by 1242.
1235
Calculate the remainder when 11010 is divided by 296.
58
What is the remainder when 438149 is divided by 150?
149
Calculate the remainder when 497 is divided by 198.
101
What is the remainder when 9924 is divided by 333?
267
What is the remainder when 6323 is divided by 33?
20
What is the remainder when 563680 is divided by 11?
7
Calculate the remainder when 1116961 is divided by 123.
121
Calculate the remainder when 110750 is divided by 55.
35
Calculate the remainder when 4467 is divided by 160.
147
Calculate the remainder when 10346 is divided by 50.
46
What is the remainder when 382153 is divided by 319?
310
What is the remainder when 238314 is divided by 10?
4
What is the remainder when 953187 is divided by 714?
711
What is the remainder when 5755 is divided by 538?
375
Calculate the remainder when 677708 is divided by 5.
3
Calculate the remainder when 89173 is divided by 129.
34
Calculate the remainder when 84718 is divided by 15.
13
What is the remainder when 38283 is divided by 6366?
87
What is the remainder when 15785 is divided by 4852?
1229
What is the remainder when 42477 is divided by 219?
210
What is the remainder when 227 is divided by 94?
39
Calculate the remainder when 10271 is divided by 413.
359
Calculate the remainder when 49069 is divided by 481.
7
What is the remainder when 46661 is divided by 420?
41
Calculate the remainder when 3348307 is divided by 14.
11
What is the remainder when 69618 is divided by 590?
588
What is the remainder when 460 is divided by 154?
152
What is the remainder when 1655 is divided by 134?
47
Calculate the remainder when 1770 is divided by 1683.
87
What is the remainder when 2754 is divided by 670?
74
Calculate the remainder when 886 is divided by 525.
361
What is the remainder when 2233 is divided by 8?
1
What is the remainder when 79982 is divided by 22?
12
Calculate the remainder when 10489 is divided by 350.
339
What is the remainder when 1143 is divided by 268?
71
What is the remainder when 11453 is divided by 1894?
89
What is the remainder when 99030 is divided by 33004?
18
What is the remainder when 34347 is divided by 165?
27
Calculate the remainder when 368346 is divided by 92.
70
What is the remainder when 12075 is divided by 287?
21
What is the remainder when 1862 is divided by 1729?
133
Calculate the remainder when 8448 is divided by 173.
144
Calculate the remainder when 51890 is divided by 27.
23
What is the remainder when 39589 is divided by 404?
401
Calculate the remainder when 12467 is divided by 449.
344
Calculate the remainder when 89655 is divided by 28.
27
What is the remainder when 985674 is divided by 3?
0
What is the remainder when 423453 is divided by 620?
613
What is the remainder when 2839 is divided by 2648?
191
What is the remainder when 207128 is divided by 115?
13
Calculate the remainder when 1134 is divided by 180.
54
Calculate the remainder when 1890 is divided by 404.
274
Calculate the remainder when 5734 is divided by 1424.
38
Calculate the remainder when 3295 is divided by 601.
290
Calculate the remainder when 5795 is divided by 16.
3
What is the remainder when 940 is divided by 587?
353
What is the remainder when 2214 is divided by 716?
66
Calculate the remainder when 6698 is divided by 998.
710
What is the remainder when 9506 is divided by 257?
254
What is the remainder when 228 is divided by 16?
4
What is the remainder when 3730899 is divided by 842?
839
What is the remainder when 845 is divided by 29?
4
What is the remainder when 9463 is divided by 91?
90
Calculate the remainder when 3441 is divided by 353.
264
Calculate the remainder when 13604 is divided by 83.
75
Calculate the remainder when 19108 is divided by 455.
453
Calculate the remainder when 394 is divided by 286.
108
Calculate the remainder when 4129 is divided by 605.
499
Calculate the remainder when 1352 is divided by 238.
162
Calculate the remainder when 61048 is divided by 275.
273
Calculate the remainder when 3663 is divided by 1815.
33
Calculate the remainder when 82879 is divided by 52.
43
Calculate the remainder when 38929 is divided by 38.
17
What is the remainder when 125034 is divided by 76?
14
What is the remainder when 53438 is divided by 12?
2
What is the remainder when 1269 is divided by 477?
315
What is the remainder when 56930 is divided by 331?
329
What is the remainder when 1215229 is divided by 54?
13
What is the remainder when 1850 is divided by 189?
149
What is the remainder when 3990 is divided by 130?
90
What is the remainder when 5360 is divided by 51?
5
Calculate the remainder when 36139 is divided by 73.
4
What is the remainder when 43336 is divided by 287?
286
Calculate the remainder when 51837 is divided by 32.
29
Calculate the remainder when 21185 is divided by 1395.
260
Calculate the remainder when 52198 is divided by 1933.
7
Calculate the remainder when 567 is divided by 548.
19
What is the remainder when 27134 is divided by 118?
112
Calculate the remainder when 4755 is divided by 616.
443
What is the remainder when 60207 is divided by 1767?
129
What is the remainder when 537 is divided by 356?
181
What is the remainder when 176682 is divided by 9299?
1
What is the remainder when 393 is divided by 25?
18
What is the remainder when 38238 is divided by 16?
14
What is the remainder when 636935 is divided by 318456?
23
What is the remainder when 2002 is divided by 1476?
526
What is the remainder when 7822 is divided by 43?
39
What is the remainder when 14022 is divided by 13722?
300
Calculate the remainder when 4176 is divided by 828.
36
What is the remainder when 13803 is divided by 459?
33
What is the remainder when 222608 is divided by 1060?
8
What is the remainder when 1057 is divided by 1008?
49
Calculate the remainder when 65482 is divided by 100.
82
Calculate the remainder when 23144 is divided by 288.
104
Calculate the remainder when 23316 is divided by 23306.
10
Calculate the remainder when 42146 is divided by 34.
20
Calculate the remainder when 26538 is divided by 33.
6
Calculate the remainder when 167099 is divided by 83547.
5
Calculate the remainder when 2493731 is divided by 781.
779
Calculate the remainder when 42863 is divided by 163.
157
Calculate the remainder when 425952 is divided by 337.
321
What is the remainder when 570281 is divided by 43867?
10
What is the remainder when 9322 is divided by 1134?
250
Calculate the remainder when 26586 is divided by 1328.
26
Calculate the remainder when 323240 is divided by 1007.
1000
Calculate the remainder when 1301057 is divided by 198.
197
What is the remainder when 78279 is divided by 4891?
23
Calculate the remainder when 9265 is divided by 615.
40
Calculate the remainder when 4088 is divided by 25.
13
Calculate the remainder when 290030 is divided by 41.
37
What is the remainder when 14502 is divided by 148?
146
Calculate the remainder when 12462 is divided by 2